{"id":6,"date":"2017-03-13T20:30:21","date_gmt":"2017-03-13T19:30:21","guid":{"rendered":"http:\/\/michaelaweber.koeln\/wordpress\/?page_id=6"},"modified":"2022-05-19T11:10:47","modified_gmt":"2022-05-19T09:10:47","slug":"portfolio","status":"publish","type":"page","link":"http:\/\/www.mikoto.de\/wordpress\/","title":{"rendered":"PORTFOLIO"},"content":{"rendered":"","protected":false},"excerpt":{"rendered":"","protected":false},"author":1,"featured_media":0,"parent":0,"menu_order":4,"comment_status":"closed","ping_status":"closed","template":"","meta":{"_exactmetrics_skip_tracking":false,"_exactmetrics_sitenote_active":false,"_exactmetrics_sitenote_note":"","_exactmetrics_sitenote_category":0,"footnotes":""},"class_list":["post-6","page","type-page","status-publish","hentry"],"yoast_head":"<!-- This site is optimized with the Yoast SEO plugin v26.8 - https:\/\/yoast.com\/product\/yoast-seo-wordpress\/ -->\n<title>PORTFOLIO - Michaela Weber - Kost\u00fcmbild &amp; Styling<\/title>\n<meta name=\"description\" content=\"Portfolio von Michaela Weber, Kost\u00fcmbildnerin und Stylistin in K\u00f6ln. Seit 2009 T\u00e4tigkeiten f\u00fcr Werbung, TV und Theater.\" \/>\n<meta name=\"robots\" content=\"index, follow, max-snippet:-1, max-image-preview:large, max-video-preview:-1\" \/>\n<link rel=\"canonical\" href=\"http:\/\/www.mikoto.de\/wordpress\/\" \/>\n<meta property=\"og:locale\" content=\"de_DE\" \/>\n<meta property=\"og:type\" content=\"article\" \/>\n<meta property=\"og:title\" content=\"PORTFOLIO - Michaela Weber - Kost\u00fcmbild &amp; Styling\" \/>\n<meta property=\"og:description\" content=\"Portfolio von Michaela Weber, Kost\u00fcmbildnerin und Stylistin in K\u00f6ln. Seit 2009 T\u00e4tigkeiten f\u00fcr Werbung, TV und Theater.\" \/>\n<meta property=\"og:url\" content=\"http:\/\/www.mikoto.de\/wordpress\/\" \/>\n<meta property=\"og:site_name\" content=\"Michaela Weber - Kost\u00fcmbild &amp; Styling\" \/>\n<meta property=\"article:modified_time\" content=\"2022-05-19T09:10:47+00:00\" \/>\n<meta name=\"twitter:card\" content=\"summary_large_image\" \/>\n<script type=\"application\/ld+json\" class=\"yoast-schema-graph\">{\"@context\":\"https:\/\/schema.org\",\"@graph\":[{\"@type\":\"WebPage\",\"@id\":\"http:\/\/www.mikoto.de\/wordpress\/\",\"url\":\"http:\/\/www.mikoto.de\/wordpress\/\",\"name\":\"PORTFOLIO - Michaela Weber - Kost\u00fcmbild &amp; Styling\",\"isPartOf\":{\"@id\":\"http:\/\/www.mikoto.de\/wordpress\/#website\"},\"datePublished\":\"2017-03-13T19:30:21+00:00\",\"dateModified\":\"2022-05-19T09:10:47+00:00\",\"description\":\"Portfolio von Michaela Weber, Kost\u00fcmbildnerin und Stylistin in K\u00f6ln. Seit 2009 T\u00e4tigkeiten f\u00fcr Werbung, TV und Theater.\",\"breadcrumb\":{\"@id\":\"http:\/\/www.mikoto.de\/wordpress\/#breadcrumb\"},\"inLanguage\":\"de\",\"potentialAction\":[{\"@type\":\"ReadAction\",\"target\":[\"http:\/\/www.mikoto.de\/wordpress\/\"]}]},{\"@type\":\"BreadcrumbList\",\"@id\":\"http:\/\/www.mikoto.de\/wordpress\/#breadcrumb\",\"itemListElement\":[{\"@type\":\"ListItem\",\"position\":1,\"name\":\"Startseite\",\"item\":\"http:\/\/www.mikoto.de\/wordpress\/\"},{\"@type\":\"ListItem\",\"position\":2,\"name\":\"PORTFOLIO\"}]},{\"@type\":\"WebSite\",\"@id\":\"http:\/\/www.mikoto.de\/wordpress\/#website\",\"url\":\"http:\/\/www.mikoto.de\/wordpress\/\",\"name\":\"Michaela Weber - Kost\u00fcmbild &amp; Styling\",\"description\":\"Michaela Weber ist Kost\u00fcmbildnerin und Stylistin in K\u00f6ln.   Kost\u00fcmbild &amp; Styling f\u00fcr Film, Fernsehen, Musikvideos, Moderatoren und Bands  Freelancer f\u00fcr TV- und Kinoproduktionen, Musikvideos und Werbefilme in K\u00f6ln\",\"publisher\":{\"@id\":\"http:\/\/www.mikoto.de\/wordpress\/#\/schema\/person\/210b2433bc75a07d61c5747594fa5f9a\"},\"potentialAction\":[{\"@type\":\"SearchAction\",\"target\":{\"@type\":\"EntryPoint\",\"urlTemplate\":\"http:\/\/www.mikoto.de\/wordpress\/?s={search_term_string}\"},\"query-input\":{\"@type\":\"PropertyValueSpecification\",\"valueRequired\":true,\"valueName\":\"search_term_string\"}}],\"inLanguage\":\"de\"},{\"@type\":[\"Person\",\"Organization\"],\"@id\":\"http:\/\/www.mikoto.de\/wordpress\/#\/schema\/person\/210b2433bc75a07d61c5747594fa5f9a\",\"name\":\"Michaela\",\"image\":{\"@type\":\"ImageObject\",\"inLanguage\":\"de\",\"@id\":\"http:\/\/www.mikoto.de\/wordpress\/#\/schema\/person\/image\/\",\"url\":\"https:\/\/secure.gravatar.com\/avatar\/ff353cb8de1fe0a42c518b6358fbabd3e68f0a1a69037854bfb53cc210bce117?s=96&d=mm&r=g\",\"contentUrl\":\"https:\/\/secure.gravatar.com\/avatar\/ff353cb8de1fe0a42c518b6358fbabd3e68f0a1a69037854bfb53cc210bce117?s=96&d=mm&r=g\",\"caption\":\"Michaela\"},\"logo\":{\"@id\":\"http:\/\/www.mikoto.de\/wordpress\/#\/schema\/person\/image\/\"},\"description\":\"Michaela Weber ist Kost\u00fcmbildnerin und Stylistin in K\u00f6ln. Kost\u00fcmbild &amp; Styling f\u00fcr Film, Fernsehen, Musikvideos, Moderatoren und Bands\",\"sameAs\":[\"http:\/\/www.mikoto.de\/wordpress\/\",\"https:\/\/www.instagram.com\/michaela___weber\/?hl=de\",\"linkedin.com\/in\/michaela-weber-86035123a\"]}]}<\/script>\n<!-- \/ Yoast SEO plugin. -->","yoast_head_json":{"title":"PORTFOLIO - Michaela Weber - Kost\u00fcmbild &amp; Styling","description":"Portfolio von Michaela Weber, Kost\u00fcmbildnerin und Stylistin in K\u00f6ln. Seit 2009 T\u00e4tigkeiten f\u00fcr Werbung, TV und Theater.","robots":{"index":"index","follow":"follow","max-snippet":"max-snippet:-1","max-image-preview":"max-image-preview:large","max-video-preview":"max-video-preview:-1"},"canonical":"http:\/\/www.mikoto.de\/wordpress\/","og_locale":"de_DE","og_type":"article","og_title":"PORTFOLIO - Michaela Weber - Kost\u00fcmbild &amp; Styling","og_description":"Portfolio von Michaela Weber, Kost\u00fcmbildnerin und Stylistin in K\u00f6ln. Seit 2009 T\u00e4tigkeiten f\u00fcr Werbung, TV und Theater.","og_url":"http:\/\/www.mikoto.de\/wordpress\/","og_site_name":"Michaela Weber - Kost\u00fcmbild &amp; Styling","article_modified_time":"2022-05-19T09:10:47+00:00","twitter_card":"summary_large_image","schema":{"@context":"https:\/\/schema.org","@graph":[{"@type":"WebPage","@id":"http:\/\/www.mikoto.de\/wordpress\/","url":"http:\/\/www.mikoto.de\/wordpress\/","name":"PORTFOLIO - Michaela Weber - Kost\u00fcmbild &amp; Styling","isPartOf":{"@id":"http:\/\/www.mikoto.de\/wordpress\/#website"},"datePublished":"2017-03-13T19:30:21+00:00","dateModified":"2022-05-19T09:10:47+00:00","description":"Portfolio von Michaela Weber, Kost\u00fcmbildnerin und Stylistin in K\u00f6ln. Seit 2009 T\u00e4tigkeiten f\u00fcr Werbung, TV und Theater.","breadcrumb":{"@id":"http:\/\/www.mikoto.de\/wordpress\/#breadcrumb"},"inLanguage":"de","potentialAction":[{"@type":"ReadAction","target":["http:\/\/www.mikoto.de\/wordpress\/"]}]},{"@type":"BreadcrumbList","@id":"http:\/\/www.mikoto.de\/wordpress\/#breadcrumb","itemListElement":[{"@type":"ListItem","position":1,"name":"Startseite","item":"http:\/\/www.mikoto.de\/wordpress\/"},{"@type":"ListItem","position":2,"name":"PORTFOLIO"}]},{"@type":"WebSite","@id":"http:\/\/www.mikoto.de\/wordpress\/#website","url":"http:\/\/www.mikoto.de\/wordpress\/","name":"Michaela Weber - Kost\u00fcmbild &amp; Styling","description":"Michaela Weber ist Kost\u00fcmbildnerin und Stylistin in K\u00f6ln.   Kost\u00fcmbild &amp; Styling f\u00fcr Film, Fernsehen, Musikvideos, Moderatoren und Bands  Freelancer f\u00fcr TV- und Kinoproduktionen, Musikvideos und Werbefilme in K\u00f6ln","publisher":{"@id":"http:\/\/www.mikoto.de\/wordpress\/#\/schema\/person\/210b2433bc75a07d61c5747594fa5f9a"},"potentialAction":[{"@type":"SearchAction","target":{"@type":"EntryPoint","urlTemplate":"http:\/\/www.mikoto.de\/wordpress\/?s={search_term_string}"},"query-input":{"@type":"PropertyValueSpecification","valueRequired":true,"valueName":"search_term_string"}}],"inLanguage":"de"},{"@type":["Person","Organization"],"@id":"http:\/\/www.mikoto.de\/wordpress\/#\/schema\/person\/210b2433bc75a07d61c5747594fa5f9a","name":"Michaela","image":{"@type":"ImageObject","inLanguage":"de","@id":"http:\/\/www.mikoto.de\/wordpress\/#\/schema\/person\/image\/","url":"https:\/\/secure.gravatar.com\/avatar\/ff353cb8de1fe0a42c518b6358fbabd3e68f0a1a69037854bfb53cc210bce117?s=96&d=mm&r=g","contentUrl":"https:\/\/secure.gravatar.com\/avatar\/ff353cb8de1fe0a42c518b6358fbabd3e68f0a1a69037854bfb53cc210bce117?s=96&d=mm&r=g","caption":"Michaela"},"logo":{"@id":"http:\/\/www.mikoto.de\/wordpress\/#\/schema\/person\/image\/"},"description":"Michaela Weber ist Kost\u00fcmbildnerin und Stylistin in K\u00f6ln. Kost\u00fcmbild &amp; Styling f\u00fcr Film, Fernsehen, Musikvideos, Moderatoren und Bands","sameAs":["http:\/\/www.mikoto.de\/wordpress\/","https:\/\/www.instagram.com\/michaela___weber\/?hl=de","linkedin.com\/in\/michaela-weber-86035123a"]}]}},"_links":{"self":[{"href":"http:\/\/www.mikoto.de\/wordpress\/wp-json\/wp\/v2\/pages\/6","targetHints":{"allow":["GET"]}}],"collection":[{"href":"http:\/\/www.mikoto.de\/wordpress\/wp-json\/wp\/v2\/pages"}],"about":[{"href":"http:\/\/www.mikoto.de\/wordpress\/wp-json\/wp\/v2\/types\/page"}],"author":[{"embeddable":true,"href":"http:\/\/www.mikoto.de\/wordpress\/wp-json\/wp\/v2\/users\/1"}],"replies":[{"embeddable":true,"href":"http:\/\/www.mikoto.de\/wordpress\/wp-json\/wp\/v2\/comments?post=6"}],"version-history":[{"count":15,"href":"http:\/\/www.mikoto.de\/wordpress\/wp-json\/wp\/v2\/pages\/6\/revisions"}],"predecessor-version":[{"id":536,"href":"http:\/\/www.mikoto.de\/wordpress\/wp-json\/wp\/v2\/pages\/6\/revisions\/536"}],"wp:attachment":[{"href":"http:\/\/www.mikoto.de\/wordpress\/wp-json\/wp\/v2\/media?parent=6"}],"curies":[{"name":"wp","href":"https:\/\/api.w.org\/{rel}","templated":true}]}}

<!-- This site is optimized with the Yoast SEO plugin v26.8 - https://yoast.com/product/yoast-seo-wordpress/ -->
<title>PORTFOLIO - Michaela Weber - Kostümbild &amp; Styling</title>
<meta name="description" content="Portfolio von Michaela Weber, Kostümbildnerin und Stylistin in Köln. Seit 2009 Tätigkeiten für Werbung, TV und Theater." />
<meta name="robots" content="index, follow, max-snippet:-1, max-image-preview:large, max-video-preview:-1" />
<link rel="canonical" href="http://www.mikoto.de/wordpress/" />
<meta property="og:locale" content="de_DE" />
<meta property="og:type" content="article" />
<meta property="og:title" content="PORTFOLIO - Michaela Weber - Kostümbild &amp; Styling" />
<meta property="og:description" content="Portfolio von Michaela Weber, Kostümbildnerin und Stylistin in Köln. Seit 2009 Tätigkeiten für Werbung, TV und Theater." />
<meta property="og:url" content="http://www.mikoto.de/wordpress/" />
<meta property="og:site_name" content="Michaela Weber - Kostümbild &amp; Styling" />
<meta property="article:modified_time" content="2022-05-19T09:10:47+00:00" />
<meta name="twitter:card" content="summary_large_image" />
<script type="application/ld+json" class="yoast-schema-graph">{"@context":"https://schema.org","@graph":[{"@type":"WebPage","@id":"http://www.mikoto.de/wordpress/","url":"http://www.mikoto.de/wordpress/","name":"PORTFOLIO - Michaela Weber - Kostümbild &amp; Styling","isPartOf":{"@id":"http://www.mikoto.de/wordpress/#website"},"datePublished":"2017-03-13T19:30:21+00:00","dateModified":"2022-05-19T09:10:47+00:00","description":"Portfolio von Michaela Weber, Kostümbildnerin und Stylistin in Köln. Seit 2009 Tätigkeiten für Werbung, TV und Theater.","breadcrumb":{"@id":"http://www.mikoto.de/wordpress/#breadcrumb"},"inLanguage":"de","potentialAction":[{"@type":"ReadAction","target":["http://www.mikoto.de/wordpress/"]}]},{"@type":"BreadcrumbList","@id":"http://www.mikoto.de/wordpress/#breadcrumb","itemListElement":[{"@type":"ListItem","position":1,"name":"Startseite","item":"http://www.mikoto.de/wordpress/"},{"@type":"ListItem","position":2,"name":"PORTFOLIO"}]},{"@type":"WebSite","@id":"http://www.mikoto.de/wordpress/#website","url":"http://www.mikoto.de/wordpress/","name":"Michaela Weber - Kostümbild &amp; Styling","description":"Michaela Weber ist Kostümbildnerin und Stylistin in Köln.   Kostümbild &amp; Styling für Film, Fernsehen, Musikvideos, Moderatoren und Bands  Freelancer für TV- und Kinoproduktionen, Musikvideos und Werbefilme in Köln","publisher":{"@id":"http://www.mikoto.de/wordpress/#/schema/person/210b2433bc75a07d61c5747594fa5f9a"},"potentialAction":[{"@type":"SearchAction","target":{"@type":"EntryPoint","urlTemplate":"http://www.mikoto.de/wordpress/?s={search_term_string}"},"query-input":{"@type":"PropertyValueSpecification","valueRequired":true,"valueName":"search_term_string"}}],"inLanguage":"de"},{"@type":["Person","Organization"],"@id":"http://www.mikoto.de/wordpress/#/schema/person/210b2433bc75a07d61c5747594fa5f9a","name":"Michaela","image":{"@type":"ImageObject","inLanguage":"de","@id":"http://www.mikoto.de/wordpress/#/schema/person/image/","url":"https://secure.gravatar.com/avatar/ff353cb8de1fe0a42c518b6358fbabd3e68f0a1a69037854bfb53cc210bce117?s=96&d=mm&r=g","contentUrl":"https://secure.gravatar.com/avatar/ff353cb8de1fe0a42c518b6358fbabd3e68f0a1a69037854bfb53cc210bce117?s=96&d=mm&r=g","caption":"Michaela"},"logo":{"@id":"http://www.mikoto.de/wordpress/#/schema/person/image/"},"description":"Michaela Weber ist Kostümbildnerin und Stylistin in Köln. Kostümbild &amp; Styling für Film, Fernsehen, Musikvideos, Moderatoren und Bands","sameAs":["http://www.mikoto.de/wordpress/","https://www.instagram.com/michaela___weber/?hl=de","linkedin.com/in/michaela-weber-86035123a"]}]}</script>
<!-- / Yoast SEO plugin. -->

PORTFOLIO - Michaela Weber - Kostümbild &amp; Styling

Portfolio von Michaela Weber, Kostümbildnerin und Stylistin in Köln. Seit 2009 Tätigkeiten für Werbung, TV und Theater.

Michaela Weber - Kostümbild &amp; Styling

Michaela Weber ist Kostümbildnerin und Stylistin in Köln.   Kostümbild &amp; Styling für Film, Fernsehen, Musikvideos, Moderatoren und Bands  Freelancer für TV- und Kinoproduktionen, Musikvideos und Werbefilme in Köln

Michaela Weber ist Kostümbildnerin und Stylistin in Köln. Kostümbild &amp; Styling für Film, Fernsehen, Musikvideos, Moderatoren und Bands
